{"id":2730,"date":"2016-10-23T11:20:06","date_gmt":"2016-10-23T09:20:06","guid":{"rendered":"http:\/\/centrofaoe.cluster020.hosting.ovh.net\/?page_id=2730"},"modified":"2016-10-23T12:22:48","modified_gmt":"2016-10-23T10:22:48","slug":"pipistrelli","status":"publish","type":"page","link":"https:\/\/www.centrofaunailpettirosso.it\/stage-woo\/pipistrelli\/","title":{"rendered":"Pipistrelli"},"content":{"rendered":"<div class=\"post-headline\">\n<h1>Pipistrelli (Chirotteri)<\/h1>\n<\/div>\n<div class=\"post-bodycopy clearfix\">\n<p><strong>NIDI ARTIFICIALI<\/strong><\/p>\n<p>PERCHE\u2019 SONO IMPORTANTI?<br \/>\n<img loading=\"lazy\" decoding=\"async\" class=\"alignleft size-full wp-image-382\" title=\"pipistrello01\" src=\"\/wp-content\/uploads\/imgs_old_site\/uploads\/2009\/08\/pipistrello01.jpg\" alt=\"pipistrello01\" width=\"250\" height=\"187\" \/>I pipistrelli, al pari delle rondini e degli altri animali insettivori, svolgono un ruolo di fondamentale importanza nel mantenere in equilibrio gli ecosistemi.<br \/>\nPosizionare nidi artificiali (bat box o bat board) in grado di accoglierli pu\u00f2 da un lato aiutare questi mammiferi minacciati di estinzione aumentando la disponibilit\u00e0 di rifugi, e dall\u2019altro tornare utile all\u2019uomo poich\u00e9 tra le loro prede favorite figurano le zanzare (quelle notturne ovviamente!) ed avendo bisogno di molta energia per volare mangiano ogni notte una quantit\u00e0 di insetti pari a pi\u00f9 della met\u00e0 del proprio peso corporeo (qualche migliaio di insetti a notte!).<\/p>\n<p>I nidi per pipistrelli possono per\u00f2 essere anche costruiti in legno, basta utilizzare materiali non trattati con sostanze tossiche.<br \/>\nVisitando i seguenti indirizzi \u00e8 possibile prendere spunto da, o copiare, alcuni dei modelli esistenti:<\/p>\n<ul>\n<li><a href=\"http:\/\/www.batmanagement.com\/Batcentral\/batboxes\/bathouse.html\" target=\"_blank\">Batmanagement<\/a><\/li>\n<li><a href=\"http:\/\/www.kellingheath.co.uk\/acorn_club\/how_to_make_a_bat_box.html\" target=\"_blank\">Bat box<\/a><\/li>\n<li><a href=\"http:\/\/www.drsfostersmith.com\/product\/NavResults.cfm?N=2005+113141\" target=\"_blank\">DrSFostersmith<\/a><\/li>\n<li><a href=\"http:\/\/www.lincstrust.org.uk\/factsheets\/batbox\/index.php\" target=\"_blank\">Linctrust<\/a><\/li>\n<\/ul>\n<p>NB: ricordarsi di rendere ruvide le pareti interne del nido in legno incidendo delle scanalature che consentano l\u2019appiglio ai chirotteri!<\/p>\n<p><strong>COME MONTARLI<\/strong><\/p>\n<p><img loading=\"lazy\" decoding=\"async\" class=\"alignleft\" src=\"\/wp-content\/uploads\/imgs_old_site\/uploads\/2009\/08\/pipistrello02.jpg\" alt=\"\" width=\"250\" height=\"187\" \/>Per la messa a dimora dei rifugi bisogna tenere presente una serie di accorgimenti:<br \/>\n\u2013 i nidi vanno montati ad almeno 4 metri di altezza dal suolo su pali o alberi, oppure possono essere fissati direttamente alle pareti degli edifici con tasselli;<br \/>\n\u2013 l\u2019ingresso deve essere libero da ostacoli (per es. rami), ossia deve sempre esserci un corridoio di volo libero per l\u2019accesso;<br \/>\n\u2013 non devono esserci rami o strutture vicino al nido che possano consentire a eventuali predatori (per es.gatti) di raggiungerlo comodamente e appostarsi, quindi se il nido \u00e8 montato su un palo, questo deve essere liscio, privo di scanalature;<br \/>\nle esposizioni consigliate sono sud, ovest, sud-est e sud-ovest.<br \/>\nLa distanza tra un nido e l\u2019altro deve essere di circa 50 m.<\/p>\n<p><strong>COLONIZZAZIONE DEI NIDI<\/strong><\/p>\n<p><img loading=\"lazy\" decoding=\"async\" class=\"alignleft\" src=\"\/wp-content\/uploads\/imgs_old_site\/uploads\/2009\/08\/pipistrello03.jpg\" alt=\"\" width=\"250\" height=\"334\" \/>La colonizzazione dei nidi deve essere spontanea e pu\u00f2 richiedere da pochi mesi a svariati anni (anche 5 anni). Quando si decide di installare nidi per chirotteri \u00e8 quindi importante avere una enorme pazienza!<br \/>\nL\u2019occupazione dei rifugi risulta evidente grazie al guano che si accumula a terra e per essere certi della presenza degli animali si pu\u00f2 osservare l\u2019involo dal nido dopo il tramonto.<br \/>\nSi coglie l\u2019occasione per ricordare che i pipistrelli sono tutelati dalla legge che ne vieta il disturbo, la cattura e, ovviamente, l\u2019uccisione.<\/p>\n<p><strong>NOTA BENE<\/strong><\/p>\n<p>Premesso che la detenzione della fauna selvatica \u00e8 assolutamente vietata dalle leggi nazionali e regionali, e qualora si trovasse un\u2019animale ferito o in difficolt\u00e0 bisogna informare subito le autorit\u00e0 (Polizia Provinciale Corpo Forestale dello Stato) o un CRAS autorizzato.<br \/>\nDetto questo \u00e8 importante sapere che anche il prelievo di prole o uova \u00e8 assolutamente proibito.<br \/>\nLe sanzioni sono di natura penale.<br \/>\nSe amate veramente gli animali, quando ne trovate uno, non improvvisatevi allevatori o salvatori perch\u00e9 un\u2019alimentazione errata o data in modo sbagliato li condanna per il <strong>90 % delle volte alla morte<\/strong> o alla morte dopo i primi giorni di libert\u00e0.<\/p>\n<p>In caso di necessit\u00e0<\/p>\n<p>Si possono contattare i numeri di emergenza:<\/p>\n<ul>\n<li>1515 Corpo Forestale dello Stato<\/li>\n<li>339.8183676\u00a0 Centro Fauna Selvatica\u00a0 \u201cIl Pettirosso\u201d<\/li>\n<li>339.3535192\u00a0 Centro Fauna Selvatica\u00a0 \u201cIl Pettirosso\u201d<\/li>\n<li>Polizia Provinciale di zona del ritrovamento ( per\u00a0 Modena tel. 059.209721 )<\/li>\n<\/ul>\n<\/div>\n","protected":false},"excerpt":{"rendered":"<p>Pipistrelli (Chirotteri) NIDI ARTIFICIALI PERCHE\u2019 SONO IMPORTANTI? I pipistrelli, al pari delle rondini e degli altri animali insettivori, svolgono un ruolo di fondamentale importanza nel mantenere in equilibrio gli ecosistemi&#8230;.<\/p>\n","protected":false},"author":3,"featured_media":0,"parent":0,"menu_order":0,"comment_status":"closed","ping_status":"closed","template":"","meta":{"footnotes":""},"class_list":["post-2730","page","type-page","status-publish"],"_links":{"self":[{"href":"https:\/\/www.centrofaunailpettirosso.it\/stage-woo\/wp-json\/wp\/v2\/pages\/2730","targetHints":{"allow":["GET"]}}],"collection":[{"href":"https:\/\/www.centrofaunailpettirosso.it\/stage-woo\/wp-json\/wp\/v2\/pages"}],"about":[{"href":"https:\/\/www.centrofaunailpettirosso.it\/stage-woo\/wp-json\/wp\/v2\/types\/page"}],"author":[{"embeddable":true,"href":"https:\/\/www.centrofaunailpettirosso.it\/stage-woo\/wp-json\/wp\/v2\/users\/3"}],"replies":[{"embeddable":true,"href":"https:\/\/www.centrofaunailpettirosso.it\/stage-woo\/wp-json\/wp\/v2\/comments?post=2730"}],"version-history":[{"count":5,"href":"https:\/\/www.centrofaunailpettirosso.it\/stage-woo\/wp-json\/wp\/v2\/pages\/2730\/revisions"}],"predecessor-version":[{"id":2749,"href":"https:\/\/www.centrofaunailpettirosso.it\/stage-woo\/wp-json\/wp\/v2\/pages\/2730\/revisions\/2749"}],"wp:attachment":[{"href":"https:\/\/www.centrofaunailpettirosso.it\/stage-woo\/wp-json\/wp\/v2\/media?parent=2730"}],"curies":[{"name":"wp","href":"https:\/\/api.w.org\/{rel}","templated":true}]}}