{"id":2778,"date":"2016-10-23T14:29:13","date_gmt":"2016-10-23T12:29:13","guid":{"rendered":"http:\/\/centrofaoe.cluster020.hosting.ovh.net\/?page_id=2778"},"modified":"2016-10-23T14:29:13","modified_gmt":"2016-10-23T12:29:13","slug":"e-magazine-3","status":"publish","type":"page","link":"https:\/\/www.centrofaunailpettirosso.it\/stage-woo\/e-magazine-3\/","title":{"rendered":"E-magazine 4"},"content":{"rendered":"<p>Ricevi questa newsletter perch\u00e9 ti sei iscritto sul nostro sito, centrofaunailpettirosso.it.<br \/>\nIl Pettirosso<br \/>\nGrandi progetti<br \/>\nSiamo partiti con nuovi progetti, importanti per il Centro e per gli ospiti che arriveranno sempre pi\u00f9 numerosi.<br \/>\n12.000 mq in pi\u00f9 si sono aggiunti al gi\u00e0 esistente Centro, dove \u00e8 gi\u00e0 in fase di realizzazione un nuovo recinto per ungulati, tassi e istrici in attesa di essere liberati e non solo, dove si potranno vedere nel pieno rispetto degli animali immersi in un bosco a due passi dalla citt\u00e0 con un piccolo lago ricco di pesci anch&#8217;essi salvati a centinaia, dai volontari, dai canali di bonifica prosciugati perch\u00e9 a fine stagione d&#8217;irrigazione.<br \/>\nAltra struttura \u00e8 la grande voliera per riprodurre i rapaci come gufi reali, astori o altro reinserendo la prole nata da esemplari non reinseribili, per collegare queste strutture verr\u00e0 realizzata una passerella pedonale sopra al canale adiacente al Centro.<br \/>\nAiutaci con il tuo 5 per 1000<br \/>\nOramai ci conoscete bene, per le tantissime cose che facciamo per aiutare gli animali, ad ogni ora del giorno e della notte, tutti i giorni dell&#8217;anno.<br \/>\nE realizzando sempre nuovi progetti e strutture per aiutare sempre pi\u00f9 animali. Importante, anzi fondamentale, \u00e8 il vostro sostegno perch\u00e9 il nostro impegno resta presente con forti motivazioni come il primo giorno.<br \/>\nPer aiutarci \u00e8 semplicissimo, basta indicare nella tua dichiarazione dei redditi nella scheda del CUD allegata la destinazione del 5 per mille dell&#8217;IRPEF indicando il nostro:<\/p>\n<p>CODICE FISCALE &#8211; 94120020360<\/p>\n<p>nella casella per il sostegno delle organizzazioni non lucrative di utilit\u00e0 sociale (onlus) e firmare la preferenza sopra al codice fiscale ed in basso al foglio.<br \/>\nDa parte nostra vi possiamo solo dare la garanzia che tutto ci\u00f2 che viene donato va completamente per gli animali che volete aiutare! Aiutaci a diffonderlo se credi in noi. <\/p>\n<p>Scarica il volantino da questa pagina ed invialo ad amici, parenti, colleghi.<br \/>\nCentro Fauna Selvatica Il Pettirosso<br \/>\nAiutaci a migliorare la newsletter: mandaci un commento<\/p>\n<p>Informativa per il trattamento dei dati personali legge 196\/2003<br \/>\nIl trattamento dei dati avviene nel rispetto della normativa sulla Privacy.<\/p>\n<p>Centro Fauna Selvatica &#8220;Il Pettirosso&#8221;<\/p>\n","protected":false},"excerpt":{"rendered":"<p>Ricevi questa newsletter perch\u00e9 ti sei iscritto sul nostro sito, centrofaunailpettirosso.it. Il Pettirosso Grandi progetti Siamo partiti con nuovi progetti, importanti per il Centro e per gli ospiti che arriveranno&#8230;<\/p>\n","protected":false},"author":3,"featured_media":0,"parent":0,"menu_order":0,"comment_status":"closed","ping_status":"closed","template":"","meta":{"footnotes":""},"class_list":["post-2778","page","type-page","status-publish"],"_links":{"self":[{"href":"https:\/\/www.centrofaunailpettirosso.it\/stage-woo\/wp-json\/wp\/v2\/pages\/2778","targetHints":{"allow":["GET"]}}],"collection":[{"href":"https:\/\/www.centrofaunailpettirosso.it\/stage-woo\/wp-json\/wp\/v2\/pages"}],"about":[{"href":"https:\/\/www.centrofaunailpettirosso.it\/stage-woo\/wp-json\/wp\/v2\/types\/page"}],"author":[{"embeddable":true,"href":"https:\/\/www.centrofaunailpettirosso.it\/stage-woo\/wp-json\/wp\/v2\/users\/3"}],"replies":[{"embeddable":true,"href":"https:\/\/www.centrofaunailpettirosso.it\/stage-woo\/wp-json\/wp\/v2\/comments?post=2778"}],"version-history":[{"count":2,"href":"https:\/\/www.centrofaunailpettirosso.it\/stage-woo\/wp-json\/wp\/v2\/pages\/2778\/revisions"}],"predecessor-version":[{"id":2781,"href":"https:\/\/www.centrofaunailpettirosso.it\/stage-woo\/wp-json\/wp\/v2\/pages\/2778\/revisions\/2781"}],"wp:attachment":[{"href":"https:\/\/www.centrofaunailpettirosso.it\/stage-woo\/wp-json\/wp\/v2\/media?parent=2778"}],"curies":[{"name":"wp","href":"https:\/\/api.w.org\/{rel}","templated":true}]}}